n divisor of 705 and 2157795.
15
What is the highest common divisor of 12019 and 34080733?
1717
What is the greatest common divisor of 88343 and 8043445?
529
What is the greatest common divisor of 88 and 14260444?
44
Calculate the highest common divisor of 87648 and 315732.
996
Calculate the greatest common factor of 60553 and 1159.
19
Calculate the greatest common factor of 1101951 and 189.
27
What is the greatest common factor of 52 and 218053914?
26
What is the greatest common factor of 14885961 and 261?
87
What is the highest common divisor of 15980414 and 2806?
122
What is the greatest common divisor of 192544 and 11044?
44
What is the greatest common divisor of 11 and 135790061?
11
What is the highest common divisor of 56 and 1298504?
8
What is the highest common divisor of 247 and 2910610?
19
What is the highest common factor of 79976592 and 432?
432
What is the greatest common factor of 12564 and 203100201?
3141
What is the highest common factor of 216035148 and 70128?
5844
What is the highest common divisor of 6059642 and 753?
251
What is the highest common divisor of 2360 and 28602905?
295
Calculate the highest common factor of 1653 and 27489447.
57
Calculate the highest common factor of 310156 and 15884.
836
Calculate the highest common divisor of 1865 and 95195.
5
Calculate the greatest common divisor of 193493 and 75.
1
Calculate the greatest common divisor of 431081 and 1407.
7
What is the greatest common divisor of 1222 and 320752393?
611
Calculate the highest common divisor of 4946025 and 63.
21
What is the greatest common divisor of 115414818 and 6?
6
Calculate the highest common factor of 100 and 12434775.
25
Calculate the greatest common divisor of 1601 and 24900353.
1601
What is the highest common divisor of 356312 and 256269308?
16196
What is the greatest common divisor of 148366 and 20522368?
4786
Calculate the highest common factor of 589956 and 3961.
233
Calculate the greatest common factor of 333 and 35071227.
333
What is the greatest common factor of 811164 and 165048?
276
Calculate the highest common factor of 5 and 5577695.
5
What is the greatest common factor of 1157 and 360152?
13
Calculate the highest common factor of 18247 and 3690083.
71
What is the greatest common divisor of 2596 and 113828?
44
What is the highest common factor of 13024392 and 16?
8
Calculate the greatest common factor of 6 and 7642686.
6
Calculate the greatest common factor of 18798 and 238494.
6
What is the highest common divisor of 7049 and 4048121?
133
Calculate the greatest common factor of 54 and 1148122.
2
Calculate the highest common divisor of 3454520 and 38860.
1340
Calculate the highest common factor of 281 and 91367712.
281
What is the highest common factor of 5784 and 12363300?
2892
What is the greatest common factor of 2505097 and 12668?
3167
What is the highest common factor of 392304 and 576?
48
What is the greatest common divisor of 20367 and 480267?
657
What is the greatest common divisor of 399423 and 2103123?
1893
What is the greatest common divisor of 628 and 745657684?
628
Calculate the greatest common divisor of 106 and 69203955.
53
What is the highest common divisor of 138713 and 5513?
37
Calculate the greatest common divisor of 23049154 and 1096.
274
What is the highest common divisor of 5260 and 85060?
20
Calculate the greatest common factor of 7206012 and 79236.
1116
Calculate the greatest common divisor of 72 and 6191880.
24
Calculate the greatest common divisor of 9635 and 4.
1
Calculate the highest common divisor of 15070 and 23961437.
137
Calculate the greatest common divisor of 730 and 925900610.
730
What is the greatest common divisor of 7503 and 7762311?
183
What is the greatest common factor of 2315523 and 267?
3
Calculate the greatest common factor of 22268 and 66348.
76
What is the greatest common factor of 237120 and 9420?
60
What is the highest common factor of 47136 and 4848?
48
Calculate the highest common divisor of 112 and 16203208.
56
Calculate the greatest common divisor of 5640 and 1367512.
376
What is the greatest common factor of 5110122 and 3102?
282
What is the highest common factor of 100 and 71871740?
20
Calculate the greatest common divisor of 6094 and 807735324.
6094
What is the highest common factor of 202 and 9538339?
101
Calculate the highest common factor of 2020 and 2988287.
101
What is the greatest common divisor of 859 and 886334239?
859
What is the highest common divisor of 7754736 and 47652?
2508
Calculate the greatest common factor of 2213354 and 674.
2
What is the greatest common factor of 62 and 555201754?
62
Calculate the greatest common factor of 31733 and 13120375.
2441
Calculate the greatest common factor of 90 and 972321210.
90
Calculate the highest common divisor of 600847 and 3731.
13
What is the greatest common divisor of 1496 and 1151392?
88
Calculate the highest common factor of 53214 and 14385.
21
Calculate the greatest common divisor of 26410378 and 148.
74
What is the greatest common divisor of 37660 and 1670759?
269
What is the highest common divisor of 2112 and 1680404?
44
Calculate the greatest common divisor of 442178 and 13332.
2222
Calculate the highest common divisor of 8428 and 75895.
43
Calculate the highest common factor of 2055 and 2233155.
15
Calculate the greatest common divisor of 3603022 and 1902.
634
Calculate the greatest common divisor of 998 and 808750258.
998
What is the greatest common divisor of 776 and 2617088?
8
Calculate the highest common divisor of 16590 and 83076.
42
Calculate the greatest common divisor of 12 and 720261.
3
Calculate the highest common divisor of 2623 and 343918.
61
What is the highest common divisor of 964008 and 16584?
24
What is the highest common factor of 3580 and 383213940?
3580
What is the greatest common divisor of 2835 and 396235?
35
Calculate the highest common divisor of 65 and 144581372.
13
Calculate the greatest common divisor of 1808 and 514001744.
1808
What is the greatest common factor of 18492320 and 11297?
869
Calculate the highest common divisor of 88669 and 5477402.
1673
Calculate the greatest common divisor of 47 and 6181393.
47
What is the greatest common factor of 8139618 and 72?
18
What is the highest common factor of 17560395 and 540?
135
Calculate the highest common factor of 306841 and 11336531.
8293
What is the greatest common divisor of 377886977 and 1417?
1417
What is the greatest common divisor of 749187074 and 118?
118
Calculate the highest common divisor of 88174 and 190.
2
What is the highest common divisor of 499 and 42223883?
499
Calculate the highest common factor of 357 and 10235649.
51
Calculate the highest common factor of 2064 and 4929477.
129
Calculate the highest common divisor of 129426 and 29892.
318
What is the highest common divisor of 7300574 and 5798?
446
Calculate the highest common factor of 589238 and 221.
13
What is the highest common divisor of 11 and 1122033022?
11
Calculate the greatest common factor of 398860 and 422380.
980
What is the greatest common factor of 2385211 and 1?
1
What is the greatest common factor of 525304 and 104?
104
Calculate the greatest common divisor of 1953 and 4367187.
279
Calculate the greatest common divisor of 22023360 and 405.
135
Calculate the greatest common divisor of 4100 and 3012680.
820
Calculate the greatest common divisor of 54227839 and 9368.
1171
Calculate the highest common divisor of 2266022 and 352.
22
Calculate the highest common divisor of 722 and 1710057.
361
Calculate the highest common divisor of 100550 and 3913406.
4022
What is the highest common divisor of 1054550 and 100?
50
Calculate the highest common factor of 13645 and 246615.
5
Calculate the highest common divisor of 3630 and 6705336.
726
What is the greatest common factor of 297941 and 248?
31
What is the greatest common factor of 233533 and 514237?
43
What is the greatest common divisor of 586469 and 1248?
13
Calculate the highest common divisor of 9844424 and 264.
8
Calculate the greatest common divisor of 36 and 3663981.
9
Calculate the greatest common factor of 161 and 6421163.
161
What is the highest common factor of 49248 and 655956?
684
Calculate the greatest common divisor of 178182685 and 202.
101
Calculate the highest common factor of 27935 and 1